y - 8. Let f be a(7). Let i be 36*((-20)/f + -2). What is the highest common factor of i and 12?
6
Suppose 2*w + 4*v = 52, v = 4*w - 144 + 40. Let s = w + -18. Calculate the highest common divisor of s and 8.
8
Let o(b) = b**3 - 3*b**2 + 3*b - 2. Let k be o(2). Suppose 1 = -f - k. Let r be 2*f/(-2)*3. What is the greatest common factor of 6 and r?
3
Suppose 0*m + 136 = m. Suppose -s + 29 = -0*s - 4*n, -71 = -4*s + n. Calculate the highest common divisor of m and s.
17
Let p = 15 + 15. Let g(w) = w**3 - 5*w + 1. Let x be g(4). What is the highest common factor of p and x?
15
Let f = -46 - -154. Suppose 3*y - f = -y. Let n = 47 - 38. What is the highest common factor of n and y?
9
Let r = -370 + 258. Let h = -443 + 681. Let v = h + r. What is the greatest common factor of v and 14?
14
Suppose -7*z + 213 = 66. Calculate the highest common divisor of z and 168.
21
Let l = -54 + 33. Let g = -7 - l. What is the greatest common divisor of g and 7?
7
Suppose -54 = -2*c - 2*n, 3*c + 5*n - 142 = -57. Suppose -c = f - 6*f. What is the highest common factor of f and 10?
5
Suppose -6*h - 75 = -303. What is the greatest common divisor of 95 and h?
19
Suppose -5*p - 10 + 5 = 0. Let m be p/(1/72*-2). What is the highest common divisor of 18 and m?
18
Let p(v) = 4*v**2 - v. Let l be p(-1). Let s(u) = 11*u - 4. Let z be s(l). Calculate the highest common factor of z and 17.
17
Suppose 2*v = -3*c + 198, -c - 513 = -5*v - 4*c. Suppose 0 = -5*i + 2*n + 15 + 54, -i + 5*n = 0. Calculate the highest common divisor of i and v.
15
Let j be 112/20 + (12/5 - 3). Calculate the greatest common factor of j and 40.
5
Let r(g) = g**2 - 5*g - 14. Let v be r(-5). Calculate the greatest common divisor of 180 and v.
36
Suppose 4*u - 2*u - 36 = 0. Calculate the greatest common divisor of u and 45.
9
Suppose 3*g = -2*g + 10. Let r be (-32)/(-6) - g/(-3). What is the greatest common factor of 42 and r?
6
Let u(y) = 3*y - 18. Let w be u(9). Suppose 35 = 2*h + w. What is the greatest common factor of 143 and h?
13
Let r(a) = -4*a - 6. Suppose 2*w - 19 = 4*g - w, 2*g + 2*w + 6 = 0. Let k be r(g). Suppose -k + 2 = -2*q. Calculate the highest common factor of q and 2.
2
Suppose -m - 29 = -74. Suppose 5*t - 8*t + m = 0. What is the greatest common factor of t and 6?
3
Let v(u) = -u - 6. Let f be v(-8). Let m be f/(-2) + 411/3. Let i = -88 + m. Calculate the highest common divisor of i and 16.
16
Suppose 50 = -m + 6*m. What is the greatest common factor of 70 and m?
10
Let b be 9/12 + (-164)/(-16). Let m = -14 + 102. Calculate the greatest common divisor of b and m.
11
Suppose -3*v + 720 = 5*u - 0*v, -144 = -u - 4*v. Calculate the greatest common factor of 18 and u.
18
Let m = 91 - 47. What is the highest common divisor of 8 and m?
4
Suppose -3*y = -9 + 57. Suppose 0 = -5*v + 2*q + q - 121, -3*v = -3*q + 69. Let u = y - v. What is the highest common divisor of u and 100?
10
Let r be 2/6 + (-69)/(-9). What is the highest common divisor of r and 8?
8
Let t = 233 - 212. Suppose -3*x + 6 = -x. Calculate the highest common divisor of x and t.
3
Let a be (1*(-21 - -3))/(-2). Suppose -a*z + 126 = -7*z. Calculate the highest common factor of 7 and z.
7
Suppose 5*f = f - 2768. Let h be (f/(-4) - -1) + -3. What is the highest common factor of 19 and h?
19
Let n(u) = 3*u + 0*u + 0 - 3. Let w be n(2). Suppose -w*z + 12 = -z. Calculate the greatest common divisor of z and 18.
6
Let f = 5 - -8. What is the greatest common divisor of 13 and f?
13
Let c = 30 - 4. What is the highest common divisor of c and 78?
26
Suppose -10*f + 22 = -138. Calculate the highest common divisor of 72 and f.
8
Let j be 19/(-3) - 20/30. Let r = -5 - j. Calculate the greatest common factor of 18 and r.
2
Let v(h) be the third derivative of 19*h**5/60 - h**4/12 + h**3/2 - 4*h**2. Let w be v(3). What is the greatest common divisor of 21 and w?
21
Suppose 8 = r - 4*v + 3*v, -5*r + v = -28. Let t be 6/9 + 14/6. Suppose g = -t*p + 32, -r*p = -2*g + 17 + 3. What is the highest common factor of 5 and g?
5
Let h = -14 + 23. What is the greatest common factor of h and 72?
9
Suppose -v + 5*x + 44 = 0, -6*x = -3*x - 15. Calculate the highest common factor of v and 46.
23
Suppose 16*n - 3289 = 3*n. Calculate the greatest common factor of n and 23.
23
Let h(y) = -29*y + 48*y - 2*y**2 - 8 + y**2. Let f be h(8). Calculate the greatest common divisor of 32 and f.
16
Let g be 63/35 + (-2)/(-10). Calculate the greatest common factor of 6 and g.
2
Let q(c) = -4*c. Let x be q(-4). Suppose 3*r - 36 = -4*a - r, 1 = r. What is the greatest common divisor of a and x?
8
Suppose -4*t + 26 = -46. What is the greatest common divisor of t and 45?
9
Suppose k - 3*k = 2*l - 90, k - 33 = 3*l. Suppose -31*s + 34*s - 84 = 0. What is the greatest common divisor of s and k?
14
Let m be 21/6 + (-2)/4. Suppose -2*t - m*t = 15. Let p be 1/(1/t) + 28. What is the greatest common factor of 50 and p?
25
Let o(n) = n**2 - 5*n - 4. Let b be o(7). Calculate the greatest common factor of 30 and b.
10
Let h(k) = -7*k + 2. Let m be h(-1). What is the greatest common factor of 99 and m?
9
Let u be (-2)/(-8) - (-1)/(-4). Suppose u = -3*o - 79 - 47. Let l be (-1)/(-2 - o/22). Calculate the greatest common factor of l and 99.
11
Let s be (2 - (-1 - -2))*26. What is the highest common factor of 39 and s?
13
Let k(o) = o**2 + o. Let g be k(-2). What is the greatest common factor of g and 8?
2
Let r be 5*(-3 + 6/1). Suppose -4*m = -0*o - 2*o - 650, 0 = 3*m - 4*o - 475. What is the greatest common divisor of m and r?
15
Let m be (-6 - -2 - -4) + 6. What is the highest common divisor of 30 and m?
6
Let j(v) = 2*v**2 + 4*v. Let k be j(6). Suppose p - 55 = -5*f, -2*f + 0*f + 4*p + 44 = 0. What is the highest common divisor of f and k?
12
Let b(a) = -11*a**3 + a + 1. Let d be b(-1). Let n be (4 - 7)*(-44)/6. Suppose 5*x = 4*x + n. What is the greatest common divisor of d and x?
11
Let c be (88/16)/(1 - 27/30). Calculate the greatest common divisor of 11 and c.
11
Let j = 7 - -3. Calculate the highest common factor of j and 2.
2
Let f(z) be the first derivative of 35*z**2/2 + 1. Let g be f(1). Suppose 4*l + 33 = 5*a, 2*l + 7 = -2*a + 13. What is the greatest common divisor of a and g?
5
Let h = 244 - 174. Let n(u) = 5*u**2 - 4*u + 2. Let d be n(2). Calculate the greatest common divisor of h and d.
14
Suppose 13 - 1 = h. Calculate the highest common factor of h and 60.
12
Suppose -2*s = -0*s - 2*u + 118, -4*s = 2*u + 266. Let r = -89 - s. Let l = r - -123. Calculate the greatest common factor of l and 14.
14
Suppose -103 = 4*o - 523. Calculate the highest common factor of o and 15.
15
Let j = 5 + 0. Let y = 3 + j. Calculate the highest common divisor of y and 20.
4
Let v = 4 + -2. Suppose 0 = -3*y + 5*x - 13, -2*y - 2 = -4*x + v*x. Calculate the greatest common divisor of 1 and y.
1
Let b = -9 - -8. Let f be b*-22*3/6. Let y = f - -4. What is the greatest common divisor of 5 and y?
5
Let f = -26 + 57. What is the highest common factor of 248 and f?
31
Let i(f) = 2*f**2 + 16*f + 6. Let z be i(-8). Calculate the highest common divisor of z and 30.
6
Let m(v) = -v - 1 + 0 - 1 + 3*v. Let z be m(5). What is the highest common factor of 24 and z?
8
Suppose 0 = -t + 4*x + 19, 0 = -t - 4*t + 4*x + 47. Let p(q) = -q**2 + 9*q. Let l be p(t). Calculate the greatest common divisor of l and 42.
14
Let n(h) = h**2 + 5*h + 10. Let p be n(-5). What is the greatest common factor of 10 and p?
10
Suppose -3*s + 440 = s. Suppose -30 + s = 5*g. Calculate the greatest common factor of g and 32.
16
Let g = -28 + 70. Let d be 2 - 1/1 - -1. Suppose -5*v + d*v = -g. Calculate the greatest common factor of v and 154.
14
Let s = -54 - -134. Suppose 0 = -5*l - 0*l + s. Calculate the highest common divisor of 176 and l.
16
Let c(u) = -2*u**2 - 4*u + 1. Let f be c(3). Suppose 9 = -0*g + 3*g. Let d = g - f. Calculate the greatest common factor of 4 and d.
4
Let c = 79 + -23. What is the greatest common factor of 8 and c?
8
Let k = 184 + -174. Calculate the highest common factor of 110 and k.
10
Let d = 45 + -17. Suppose -2*n = -12 + 4. What is the greatest common factor of d and n?
4
Let w(r) = -r + 2. Let b be w(-12). Calculate the highest common factor of 70 and b.
14
Let r = -25 - -27. Calculate the greatest co